{"id":6760,"date":"2024-07-25T15:47:06","date_gmt":"2024-07-25T15:47:06","guid":{"rendered":"https:\/\/secocenter.com\/?post_type=product&#038;p=6760"},"modified":"2024-12-18T10:51:57","modified_gmt":"2024-12-18T10:51:57","slug":"placa-cleaneo-akustik-125-mm-x-1188m-x-1988m","status":"publish","type":"product","link":"https:\/\/secocenter.com\/?product=placa-cleaneo-akustik-125-mm-x-1188m-x-1988m","title":{"rendered":"PLACA CLEANEO AKUSTIK 12,5 MM x 1,188M x 1,988M"},"content":{"rendered":"<p><strong>Placa Cleaneo<\/strong><\/p>\n<p>Placa de yeso laminado perforada para la absorci\u00f3n del sonido con efecto depurador del aire gracias a la incorporaci\u00f3n de la Zeolita.<\/p>\n<p>Perforaci\u00f3n redonda distribuida de forma rectil\u00ednea por toda la superficie de la placa.<\/p>\n<p>La placa Cleaneo incorpora un velo microperforado en la cara posterior.<\/p>\n<p>Caracter\u00edsticas<\/p>\n<div>\n<ul>\n<li>Placa de yeso laminado ac\u00fastica y de dise\u00f1o, en base de yeso y zeolita. La zeolita se encuentra en la naturaleza en forma de mineral de piedra, de procedencia volc\u00e1nica.<\/li>\n<li>Propiedades de absorci\u00f3n de sonido.<\/li>\n<li>F\u00e1cil de curvar.<\/li>\n<li>La zeolita consigue un efecto de mejora de la calidad del aire interior.<\/li>\n<li>F\u00e1cil de trabajar.<\/li>\n<li>No combustible.<\/li>\n<li>Se puede curvar.<\/li>\n<li>Poca retracci\u00f3n e hinchaz\u00f3n con los cambios clim\u00e1ticos.<\/li>\n<\/ul>\n<\/div>\n<p><a href=\"https:\/\/www.secocenter.com\/wp-content\/uploads\/2020\/03\/Ficha-tecnica-del-producto.pdf\">Ficha t\u00e9cnica del producto<\/a><\/p>\n","protected":false},"excerpt":{"rendered":"<p><img fetchpriority=\"high\" decoding=\"async\" class=\"alignnone size-full wp-image-1865\" src=\"https:\/\/www.secocenter.com\/wp-content\/uploads\/2020\/08\/unnamed.png\" alt=\"\" width=\"1250\" height=\"209\" \/><\/p>\n","protected":false},"featured_media":6802,"comment_status":"closed","ping_status":"closed","template":"","meta":[],"product_cat":[17],"product_tag":[79],"class_list":{"0":"post-6760","1":"product","2":"type-product","3":"status-publish","4":"has-post-thumbnail","6":"product_cat-yeso","7":"product_tag-placas-yeso","9":"first","10":"instock","11":"taxable","12":"shipping-taxable","13":"purchasable","14":"product-type-simple"},"jetpack_sharing_enabled":true,"_links":{"self":[{"href":"https:\/\/secocenter.com\/index.php?rest_route=\/wp\/v2\/product\/6760","targetHints":{"allow":["GET"]}}],"collection":[{"href":"https:\/\/secocenter.com\/index.php?rest_route=\/wp\/v2\/product"}],"about":[{"href":"https:\/\/secocenter.com\/index.php?rest_route=\/wp\/v2\/types\/product"}],"replies":[{"embeddable":true,"href":"https:\/\/secocenter.com\/index.php?rest_route=%2Fwp%2Fv2%2Fcomments&post=6760"}],"wp:featuredmedia":[{"embeddable":true,"href":"https:\/\/secocenter.com\/index.php?rest_route=\/wp\/v2\/media\/6802"}],"wp:attachment":[{"href":"https:\/\/secocenter.com\/index.php?rest_route=%2Fwp%2Fv2%2Fmedia&parent=6760"}],"wp:term":[{"taxonomy":"product_cat","embeddable":true,"href":"https:\/\/secocenter.com\/index.php?rest_route=%2Fwp%2Fv2%2Fproduct_cat&post=6760"},{"taxonomy":"product_tag","embeddable":true,"href":"https:\/\/secocenter.com\/index.php?rest_route=%2Fwp%2Fv2%2Fproduct_tag&post=6760"}],"curies":[{"name":"wp","href":"https:\/\/api.w.org\/{rel}","templated":true}]}}