{"id":6710,"date":"2024-07-25T15:45:58","date_gmt":"2024-07-25T15:45:58","guid":{"rendered":"https:\/\/secocenter.com\/?post_type=product&#038;p=6710"},"modified":"2024-07-25T15:47:22","modified_gmt":"2024-07-25T15:47:22","slug":"clavo-liquido-montage-pro-140-soudal-310-ml","status":"publish","type":"product","link":"https:\/\/secocenter.com\/?product=clavo-liquido-montage-pro-140-soudal-310-ml","title":{"rendered":"CLAVO LIQUIDO MONTAGE PRO 140 SOUDAL 310 ML"},"content":{"rendered":"<p><strong>Clavo l\u00edquido<\/strong><\/p>\n<p>Montage Pro 140 es un adhesivo de construcci\u00f3n profesional libre de solventes e isocianatos,\u00a0 fabricado a base de\u00a0 agua, de muy alta resistencia con un agarre inicial muy alto (&gt; 140 kg\/m2).<\/p>\n<p>Sirve para la fijaci\u00f3n de materiales pesados como madera, piedra, cer\u00e1mica, metal o pl\u00e1sticos sobre superficies porosas, fijaci\u00f3n de paneles, z\u00f3calos de madera y PVC sobre superficies porosas o fijaci\u00f3n de elementos decorativos.<\/p>\n<div class=\"clearfix text-formatted field field--name-field-product-long-description field--type-text-long field--label-hidden field__item\">\n<div class=\"field__label\"><strong>Aplicaciones<\/strong><\/div>\n<div class=\"field__item\">\n<div class=\"item-list\">\n<ul>\n<li>Muy buena adherencia en todas las superficies de construcci\u00f3n porosas habituales.<\/li>\n<li>Adecuado para la fijaci\u00f3n s\u00f3lida de materiales como madera, materiales sint\u00e9ticos, piedra, azulejos, metal sobre superficies de hormig\u00f3n, piedra, yeser\u00eda, madera, aglomerado, etc.<\/li>\n<li>Tambi\u00e9n sirve para la fijaci\u00f3n de z\u00f3calos de madera y PVC, bandeja porta cables y los materiales de decoraci\u00f3n m\u00e1s frecuentes.<\/li>\n<\/ul>\n<div class=\"node node--type-product-master node--view-mode-product-instructions ds-1col clearfix\">\n<div class=\"clearfix text-formatted field field--name-field-master-instructions field--type-text-long field--label-hidden field__item\">\n<div class=\"item-list\"><\/div>\n<\/div>\n<\/div>\n<\/div>\n<\/div>\n<\/div>\n<div class=\"field__label\"><strong>Propiedades destacadas<\/strong><\/div>\n<div><\/div>\n<div class=\"featured_props__content\">\n<div class=\"clearfix text-formatted field field--name-field-product-featured-props field--type-text-long field--label-hidden field__item\">\n<div class=\"item-list\">\n<ul>\n<li>Ecol\u00f3gico, sin disolventes<\/li>\n<li>Adecuado para pegar en superficies irregulares<\/li>\n<li>Gran adherencia inicial: 140 kg\/m\u00b2 (pegado de superficie completa)<\/li>\n<li>Aplicaci\u00f3n directa sobre un sustrato<\/li>\n<li>Resistente a la humedad<\/li>\n<li>Pintable con pinturas al agua<\/li>\n<li>Resistente al agua<\/li>\n<li>Uso interior<\/li>\n<\/ul>\n<\/div>\n<p><a href=\"https:\/\/www.secocenter.com\/wp-content\/uploads\/2020\/03\/Ficha-tecnica.pdf\">Ficha t\u00e9cnica del producto<\/a><\/p>\n<\/div>\n<\/div>\n","protected":false},"excerpt":{"rendered":"<p><img fetchpriority=\"high\" decoding=\"async\" class=\"alignnone size-full wp-image-1865\" src=\"https:\/\/www.secocenter.com\/wp-content\/uploads\/2020\/08\/unnamed.png\" alt=\"\" width=\"1250\" height=\"209\" \/><\/p>\n","protected":false},"featured_media":6770,"comment_status":"closed","ping_status":"closed","template":"","meta":[],"product_cat":[24],"product_tag":[],"class_list":{"0":"post-6710","1":"product","2":"type-product","3":"status-publish","4":"has-post-thumbnail","6":"product_cat-adhesivos_y_selladores","8":"first","9":"instock","10":"taxable","11":"shipping-taxable","12":"purchasable","13":"product-type-simple"},"jetpack_sharing_enabled":true,"_links":{"self":[{"href":"https:\/\/secocenter.com\/index.php?rest_route=\/wp\/v2\/product\/6710","targetHints":{"allow":["GET"]}}],"collection":[{"href":"https:\/\/secocenter.com\/index.php?rest_route=\/wp\/v2\/product"}],"about":[{"href":"https:\/\/secocenter.com\/index.php?rest_route=\/wp\/v2\/types\/product"}],"replies":[{"embeddable":true,"href":"https:\/\/secocenter.com\/index.php?rest_route=%2Fwp%2Fv2%2Fcomments&post=6710"}],"wp:featuredmedia":[{"embeddable":true,"href":"https:\/\/secocenter.com\/index.php?rest_route=\/wp\/v2\/media\/6770"}],"wp:attachment":[{"href":"https:\/\/secocenter.com\/index.php?rest_route=%2Fwp%2Fv2%2Fmedia&parent=6710"}],"wp:term":[{"taxonomy":"product_cat","embeddable":true,"href":"https:\/\/secocenter.com\/index.php?rest_route=%2Fwp%2Fv2%2Fproduct_cat&post=6710"},{"taxonomy":"product_tag","embeddable":true,"href":"https:\/\/secocenter.com\/index.php?rest_route=%2Fwp%2Fv2%2Fproduct_tag&post=6710"}],"curies":[{"name":"wp","href":"https:\/\/api.w.org\/{rel}","templated":true}]}}