{"id":6408,"date":"2024-07-25T15:40:32","date_gmt":"2024-07-25T15:40:32","guid":{"rendered":"https:\/\/secocenter.com\/?post_type=product&#038;p=6408"},"modified":"2024-07-25T15:42:29","modified_gmt":"2024-07-25T15:42:29","slug":"taco-ergonomico-para-lija-marshalltown","status":"publish","type":"product","link":"https:\/\/secocenter.com\/?product=taco-ergonomico-para-lija-marshalltown","title":{"rendered":"TACO ERGONOMICO PARA LIJA MARSHALLTOWN"},"content":{"rendered":"<p><strong>Taco ergon\u00f3mico<\/strong><\/p>\n<p>Taco ergon\u00f3mico para el lijado manual de todo tipo de superficies, utilice este taco para conseguir las mejores terminaciones.<\/p>\n<p>F\u00e1cil, ligero y c\u00f3modo de usar gracias a su dise\u00f1o.<\/p>\n<p>Fabricado en USA.<\/p>\n","protected":false},"excerpt":{"rendered":"<p><img fetchpriority=\"high\" decoding=\"async\" class=\"alignnone size-full wp-image-1865\" src=\"https:\/\/www.secocenter.com\/wp-content\/uploads\/2020\/08\/unnamed.png\" alt=\"\" width=\"1250\" height=\"209\" \/><\/p>\n","protected":false},"featured_media":6484,"comment_status":"closed","ping_status":"closed","template":"","meta":[],"product_cat":[26],"product_tag":[69],"class_list":{"0":"post-6408","1":"product","2":"type-product","3":"status-publish","4":"has-post-thumbnail","6":"product_cat-herramientas","7":"product_tag-herram-manuales","9":"first","10":"instock","11":"taxable","12":"shipping-taxable","13":"purchasable","14":"product-type-simple"},"jetpack_sharing_enabled":true,"_links":{"self":[{"href":"https:\/\/secocenter.com\/index.php?rest_route=\/wp\/v2\/product\/6408","targetHints":{"allow":["GET"]}}],"collection":[{"href":"https:\/\/secocenter.com\/index.php?rest_route=\/wp\/v2\/product"}],"about":[{"href":"https:\/\/secocenter.com\/index.php?rest_route=\/wp\/v2\/types\/product"}],"replies":[{"embeddable":true,"href":"https:\/\/secocenter.com\/index.php?rest_route=%2Fwp%2Fv2%2Fcomments&post=6408"}],"wp:featuredmedia":[{"embeddable":true,"href":"https:\/\/secocenter.com\/index.php?rest_route=\/wp\/v2\/media\/6484"}],"wp:attachment":[{"href":"https:\/\/secocenter.com\/index.php?rest_route=%2Fwp%2Fv2%2Fmedia&parent=6408"}],"wp:term":[{"taxonomy":"product_cat","embeddable":true,"href":"https:\/\/secocenter.com\/index.php?rest_route=%2Fwp%2Fv2%2Fproduct_cat&post=6408"},{"taxonomy":"product_tag","embeddable":true,"href":"https:\/\/secocenter.com\/index.php?rest_route=%2Fwp%2Fv2%2Fproduct_tag&post=6408"}],"curies":[{"name":"wp","href":"https:\/\/api.w.org\/{rel}","templated":true}]}}