{"id":6373,"date":"2024-07-25T15:39:18","date_gmt":"2024-07-25T15:39:18","guid":{"rendered":"https:\/\/secocenter.com\/?post_type=product&#038;p=6373"},"modified":"2024-07-25T15:41:53","modified_gmt":"2024-07-25T15:41:53","slug":"linea-de-tiza-de-aluminio","status":"publish","type":"product","link":"https:\/\/secocenter.com\/?product=linea-de-tiza-de-aluminio","title":{"rendered":"LINEA DE TIZA DE ALUMINIO"},"content":{"rendered":"<p><strong>L\u00ednea de tiza de aluminio<\/strong><\/p>\n<p>Las l\u00edneas de tiza MARSHALLTOWN contienen una l\u00ednea de algod\u00f3n de 100 pies que est\u00e1 dise\u00f1ada para absorber la tiza y crear la l\u00ednea m\u00e1s precisa.<\/p>\n<p>Este producto viene en aluminio de velocidad est\u00e1ndar,\u00a0 f\u00e1cil acceso al llenado deslizando la cubierta de nailon para abrirla.<\/p>\n<p>Tambi\u00e9n tiene un mango de bloqueo autom\u00e1tico y un anillo de anclaje plateado para trabajar sin esfuerzo.<\/p>\n<p>Son f\u00e1ciles de sostener y se adaptan a la forma de sus manos, lo que lo ayuda a producir resultados profesionales.<\/p>\n<p><b>Principales caracter\u00edsticas del producto:\u00a0<\/b><\/p>\n<ul>\n<li>100 pies de hilo de algod\u00f3n<\/li>\n<li>Tambi\u00e9n se puede utilizar como plomada para una l\u00ednea de referencia vertical<\/li>\n<li>Viene con una funda de nailon abierta.<\/li>\n<li>Mango de bloqueo autom\u00e1tico y anillo plateado<\/li>\n<\/ul>\n","protected":false},"excerpt":{"rendered":"<p><img fetchpriority=\"high\" decoding=\"async\" class=\"alignnone size-full wp-image-1865\" src=\"https:\/\/www.secocenter.com\/wp-content\/uploads\/2020\/08\/unnamed.png\" alt=\"\" width=\"1250\" height=\"209\" \/><\/p>\n","protected":false},"featured_media":6459,"comment_status":"closed","ping_status":"closed","template":"","meta":[],"product_cat":[26],"product_tag":[69],"class_list":{"0":"post-6373","1":"product","2":"type-product","3":"status-publish","4":"has-post-thumbnail","6":"product_cat-herramientas","7":"product_tag-herram-manuales","9":"first","10":"instock","11":"taxable","12":"shipping-taxable","13":"purchasable","14":"product-type-simple"},"jetpack_sharing_enabled":true,"_links":{"self":[{"href":"https:\/\/secocenter.com\/index.php?rest_route=\/wp\/v2\/product\/6373","targetHints":{"allow":["GET"]}}],"collection":[{"href":"https:\/\/secocenter.com\/index.php?rest_route=\/wp\/v2\/product"}],"about":[{"href":"https:\/\/secocenter.com\/index.php?rest_route=\/wp\/v2\/types\/product"}],"replies":[{"embeddable":true,"href":"https:\/\/secocenter.com\/index.php?rest_route=%2Fwp%2Fv2%2Fcomments&post=6373"}],"wp:featuredmedia":[{"embeddable":true,"href":"https:\/\/secocenter.com\/index.php?rest_route=\/wp\/v2\/media\/6459"}],"wp:attachment":[{"href":"https:\/\/secocenter.com\/index.php?rest_route=%2Fwp%2Fv2%2Fmedia&parent=6373"}],"wp:term":[{"taxonomy":"product_cat","embeddable":true,"href":"https:\/\/secocenter.com\/index.php?rest_route=%2Fwp%2Fv2%2Fproduct_cat&post=6373"},{"taxonomy":"product_tag","embeddable":true,"href":"https:\/\/secocenter.com\/index.php?rest_route=%2Fwp%2Fv2%2Fproduct_tag&post=6373"}],"curies":[{"name":"wp","href":"https:\/\/api.w.org\/{rel}","templated":true}]}}