{"id":6305,"date":"2024-07-25T15:37:10","date_gmt":"2024-07-25T15:37:10","guid":{"rendered":"https:\/\/secocenter.com\/?post_type=product&#038;p=6305"},"modified":"2024-08-21T11:38:23","modified_gmt":"2024-08-21T11:38:23","slug":"llana-de-acero-inoxidable-curva-12-x-4-1-2","status":"publish","type":"product","link":"https:\/\/secocenter.com\/?product=llana-de-acero-inoxidable-curva-12-x-4-1-2","title":{"rendered":"LLANA DE ACERO INOXIDABLE CURVA 12&#8243; X 4-1\/2&#8243;"},"content":{"rendered":"<p><strong>Llana<\/strong><\/p>\n<p>Las llanas para placas de yeso MARSHALLTOWN cuentan con una hoja con un ligero arco c\u00f3ncavo que le permite alisar f\u00e1cilmente la masilla para lograr juntas de paneles de yeso perfectamente lisas y trabajos de reparaci\u00f3n.<\/p>\n<p>La hoja flexible est\u00e1 templada, rectificada y pulida para un mejor rendimiento.<\/p>\n<p>Esta llana para placas de yeso tambi\u00e9n tiene un montaje de aleaci\u00f3n de aluminio liviano que se sujeta a la hoja con remaches de acero inoxidable.<\/p>\n<p>Mango DuraSoft\u00ae premium de agarre suave.<\/p>\n<p>Dise\u00f1o de \u201cmango de diamante\u201d que evita que se tuerza durante el uso.<\/p>\n<p>Nuestras paletas profesionales para paneles de yeso est\u00e1n fabricadas en los EE. UU. Con materiales globales.<\/p>\n<p><strong>Principales caracter\u00edsticas del producto:\u00a0<\/strong><\/p>\n<ul>\n<li>Hoja c\u00f3ncava ideal para aplicar masilla y obtener juntas y reparaciones de paneles de yeso lisas<\/li>\n<li>Material: acero inoxidable<\/li>\n<li>Mango DuraSoft\u00ae<\/li>\n<li>El mango presenta un dise\u00f1o de &#8220;mango de diamante&#8221; que evita que se tuerza durante el uso<\/li>\n<li>Largo de la hoja: 30,5 cm<\/li>\n<li>Ancho de la hoja: 11,5 cm<\/li>\n<li>Fabricado en EE. UU. Con materiales globales<\/li>\n<\/ul>\n","protected":false},"excerpt":{"rendered":"<p><img fetchpriority=\"high\" decoding=\"async\" class=\"alignnone size-full wp-image-1865\" src=\"https:\/\/www.secocenter.com\/wp-content\/uploads\/2020\/08\/unnamed.png\" alt=\"\" width=\"1250\" height=\"209\" \/><\/p>\n","protected":false},"featured_media":6362,"comment_status":"closed","ping_status":"closed","template":"","meta":[],"product_cat":[26],"product_tag":[69],"class_list":{"0":"post-6305","1":"product","2":"type-product","3":"status-publish","4":"has-post-thumbnail","6":"product_cat-herramientas","7":"product_tag-herram-manuales","9":"first","10":"instock","11":"taxable","12":"shipping-taxable","13":"purchasable","14":"product-type-simple"},"jetpack_sharing_enabled":true,"_links":{"self":[{"href":"https:\/\/secocenter.com\/index.php?rest_route=\/wp\/v2\/product\/6305","targetHints":{"allow":["GET"]}}],"collection":[{"href":"https:\/\/secocenter.com\/index.php?rest_route=\/wp\/v2\/product"}],"about":[{"href":"https:\/\/secocenter.com\/index.php?rest_route=\/wp\/v2\/types\/product"}],"replies":[{"embeddable":true,"href":"https:\/\/secocenter.com\/index.php?rest_route=%2Fwp%2Fv2%2Fcomments&post=6305"}],"wp:featuredmedia":[{"embeddable":true,"href":"https:\/\/secocenter.com\/index.php?rest_route=\/wp\/v2\/media\/6362"}],"wp:attachment":[{"href":"https:\/\/secocenter.com\/index.php?rest_route=%2Fwp%2Fv2%2Fmedia&parent=6305"}],"wp:term":[{"taxonomy":"product_cat","embeddable":true,"href":"https:\/\/secocenter.com\/index.php?rest_route=%2Fwp%2Fv2%2Fproduct_cat&post=6305"},{"taxonomy":"product_tag","embeddable":true,"href":"https:\/\/secocenter.com\/index.php?rest_route=%2Fwp%2Fv2%2Fproduct_tag&post=6305"}],"curies":[{"name":"wp","href":"https:\/\/api.w.org\/{rel}","templated":true}]}}