{"id":6275,"date":"2024-07-25T15:36:46","date_gmt":"2024-07-25T15:36:46","guid":{"rendered":"https:\/\/secocenter.com\/?post_type=product&#038;p=6275"},"modified":"2024-07-25T15:37:45","modified_gmt":"2024-07-25T15:37:45","slug":"barrera-antifiltracion-weatherwatch-13-94-m2-rollo","status":"publish","type":"product","link":"https:\/\/secocenter.com\/?product=barrera-antifiltracion-weatherwatch-13-94-m2-rollo","title":{"rendered":"BARRERA ANTIFILTRACION WEATHERWATCH 13.94 M2\/ROLLO"},"content":{"rendered":"<h1 class=\"commercial-product-info__heading heading heading-h1 spacing-bottom--l spacing-bottom--md-m spacing-bottom--sm-m\"><strong><sup>Barrera contra goteras para techos WeatherWatch\u00ae<\/sup><\/strong><\/h1>\n<p>La barrera contra goteras con superficie mineral WeatherWatch\u00ae es una parte clave del Sistema de techo de por vida de GAF. Es elegible para la Garant\u00eda limitada de por vida si se usa en techos de tejas de por vida y es un componente elegible para las garant\u00edas residenciales mejoradas de GAF.<\/p>\n<h1>\u00bfC\u00f3mo protege tu techo WeatherWatch\u00ae?<\/h1>\n<p>Mediante la creaci\u00f3n de una barrera en las \u00e1reas m\u00e1s vulnerables de tu techo de tejas asf\u00e1lticas (en los aleros y los bordes verticales, en los valles, alrededor de las chimeneas, etc.), la barrera contra goteras con superficie mineral WeatherWatch\u00ae previene las goteras ocasionadas por agua acumulada en las canaletas, lluvia torrencial.\u00a0 Tambi\u00e9n ayudar\u00e1 a proteger tu vivienda contra costosas manchas en la pared y el cielorraso a causa de a las goteras.<\/p>\n<ul>\n<li><strong>Potente protecci\u00f3n:<\/strong>\u00a0\u00a0protege \u00e1reas vulnerables de tu techo, incluidos aleros y bordes verticales, valles, alrededor de las chimeneas y tragaluces, y m\u00e1s.<\/li>\n<li><strong>Confiable:<\/strong>\u00a0 se sella autom\u00e1ticamente alrededor de los clavos para evitar goteras.<\/li>\n<li><strong>Reforzado con fibra de vidrio:<\/strong>\u00a0\u00a0ayuda a resistir la combadura y los arrugamientos que pueden quitarle valor al aspecto de tu techo terminado.<\/li>\n<li><strong>Pel\u00edcula separadora de dorso abierto:\u00a0<\/strong>\u00a0se puede despegar en capas para una colocaci\u00f3n m\u00e1s r\u00e1pida.<\/li>\n<li><strong>Conveniente:\u00a0<\/strong> Rollo de f\u00e1cil manejo<\/li>\n<\/ul>\n<p>&nbsp;<\/p>\n","protected":false},"excerpt":{"rendered":"<p><img fetchpriority=\"high\" decoding=\"async\" class=\"alignnone size-full wp-image-1865\" src=\"https:\/\/www.secocenter.com\/wp-content\/uploads\/2020\/08\/unnamed.png\" alt=\"\" width=\"1250\" height=\"209\" \/><\/p>\n","protected":false},"featured_media":6335,"comment_status":"closed","ping_status":"closed","template":"","meta":[],"product_cat":[22],"product_tag":[68],"class_list":{"0":"post-6275","1":"product","2":"type-product","3":"status-publish","4":"has-post-thumbnail","6":"product_cat-impermeabilizacion","7":"product_tag-tejas-asfalticas","9":"first","10":"instock","11":"taxable","12":"shipping-taxable","13":"purchasable","14":"product-type-simple"},"jetpack_sharing_enabled":true,"_links":{"self":[{"href":"https:\/\/secocenter.com\/index.php?rest_route=\/wp\/v2\/product\/6275","targetHints":{"allow":["GET"]}}],"collection":[{"href":"https:\/\/secocenter.com\/index.php?rest_route=\/wp\/v2\/product"}],"about":[{"href":"https:\/\/secocenter.com\/index.php?rest_route=\/wp\/v2\/types\/product"}],"replies":[{"embeddable":true,"href":"https:\/\/secocenter.com\/index.php?rest_route=%2Fwp%2Fv2%2Fcomments&post=6275"}],"wp:featuredmedia":[{"embeddable":true,"href":"https:\/\/secocenter.com\/index.php?rest_route=\/wp\/v2\/media\/6335"}],"wp:attachment":[{"href":"https:\/\/secocenter.com\/index.php?rest_route=%2Fwp%2Fv2%2Fmedia&parent=6275"}],"wp:term":[{"taxonomy":"product_cat","embeddable":true,"href":"https:\/\/secocenter.com\/index.php?rest_route=%2Fwp%2Fv2%2Fproduct_cat&post=6275"},{"taxonomy":"product_tag","embeddable":true,"href":"https:\/\/secocenter.com\/index.php?rest_route=%2Fwp%2Fv2%2Fproduct_tag&post=6275"}],"curies":[{"name":"wp","href":"https:\/\/api.w.org\/{rel}","templated":true}]}}