{"id":6095,"date":"2024-07-25T15:33:24","date_gmt":"2024-07-25T15:33:24","guid":{"rendered":"https:\/\/secocenter.com\/?post_type=product&#038;p=6095"},"modified":"2024-07-25T15:34:19","modified_gmt":"2024-07-25T15:34:19","slug":"pistola-esqueleto-profesional-soudal-pomo-chico","status":"publish","type":"product","link":"https:\/\/secocenter.com\/?product=pistola-esqueleto-profesional-soudal-pomo-chico","title":{"rendered":"PISTOLA ESQUELETO PROFESIONAL SOUDAL POMO CHICO"},"content":{"rendered":"<p><strong>Pistola\u00a0<\/strong><\/p>\n<div class=\"cuerpo\">\n<div class=\"row cont-presentacion\">\n<div id=\"descripcion\" class=\"descripcion\">\n<div class=\"clearfix text-formatted field field--name-field-product-long-description field--type-text-long field--label-hidden field__item\">\n<p>Pistola selladora de esqueleto de alta calidad y alta resistencia para cartuchos est\u00e1ndar (310 ml). Alto rendimiento, equipado con el sistema antigoteo.<\/p>\n<p><strong>Caracter\u00edsticas<\/strong><\/p>\n<div class=\"featured_props__content\">\n<div class=\"clearfix text-formatted field field--name-field-product-featured-props field--type-text-long field--label-hidden field__item\">\n<div class=\"item-list\">\n<ul>\n<li>Alta resistencia<\/li>\n<li>Sistema antigoteo<\/li>\n<li>F\u00e1cil extrusi\u00f3n de cualquier producto de formato de cartucho est\u00e1ndar<\/li>\n<\/ul>\n<div class=\"field__label\"><strong>Aplicaciones<\/strong><\/div>\n<div><\/div>\n<div class=\"field__item\">\n<div class=\"item-list\">\n<ul>\n<li>Para aplicar cualquier producto de cartuchos est\u00e1ndar. Apto para todos los adhesivos, masillas y selladores en formato cartucho.<\/li>\n<\/ul>\n<\/div>\n<\/div>\n<p>&nbsp;<\/p>\n<\/div>\n<\/div>\n<\/div>\n<\/div>\n<\/div>\n<\/div>\n<\/div>\n<div class=\"cont-componentes\">\n<div id=\"parrafos\" class=\"parrafos\">\n<div><\/div>\n<\/div>\n<\/div>\n","protected":false},"excerpt":{"rendered":"<p><img fetchpriority=\"high\" decoding=\"async\" class=\"alignnone size-full wp-image-1865\" src=\"https:\/\/www.secocenter.com\/wp-content\/uploads\/2020\/08\/unnamed.png\" alt=\"\" width=\"1250\" height=\"209\" \/><\/p>\n","protected":false},"featured_media":6152,"comment_status":"closed","ping_status":"closed","template":"","meta":[],"product_cat":[24],"product_tag":[54],"class_list":{"0":"post-6095","1":"product","2":"type-product","3":"status-publish","4":"has-post-thumbnail","6":"product_cat-adhesivos_y_selladores","7":"product_tag-selladores-y-adhes","9":"first","10":"instock","11":"taxable","12":"shipping-taxable","13":"purchasable","14":"product-type-simple"},"jetpack_sharing_enabled":true,"_links":{"self":[{"href":"https:\/\/secocenter.com\/index.php?rest_route=\/wp\/v2\/product\/6095","targetHints":{"allow":["GET"]}}],"collection":[{"href":"https:\/\/secocenter.com\/index.php?rest_route=\/wp\/v2\/product"}],"about":[{"href":"https:\/\/secocenter.com\/index.php?rest_route=\/wp\/v2\/types\/product"}],"replies":[{"embeddable":true,"href":"https:\/\/secocenter.com\/index.php?rest_route=%2Fwp%2Fv2%2Fcomments&post=6095"}],"wp:featuredmedia":[{"embeddable":true,"href":"https:\/\/secocenter.com\/index.php?rest_route=\/wp\/v2\/media\/6152"}],"wp:attachment":[{"href":"https:\/\/secocenter.com\/index.php?rest_route=%2Fwp%2Fv2%2Fmedia&parent=6095"}],"wp:term":[{"taxonomy":"product_cat","embeddable":true,"href":"https:\/\/secocenter.com\/index.php?rest_route=%2Fwp%2Fv2%2Fproduct_cat&post=6095"},{"taxonomy":"product_tag","embeddable":true,"href":"https:\/\/secocenter.com\/index.php?rest_route=%2Fwp%2Fv2%2Fproduct_tag&post=6095"}],"curies":[{"name":"wp","href":"https:\/\/api.w.org\/{rel}","templated":true}]}}