{"id":6094,"date":"2024-07-25T15:33:24","date_gmt":"2024-07-25T15:33:24","guid":{"rendered":"https:\/\/secocenter.com\/?post_type=product&#038;p=6094"},"modified":"2024-07-25T15:34:18","modified_gmt":"2024-07-25T15:34:18","slug":"espuma-poliuretanica-soudal-500-cc-con-canula","status":"publish","type":"product","link":"https:\/\/secocenter.com\/?product=espuma-poliuretanica-soudal-500-cc-con-canula","title":{"rendered":"ESPUMA POLIURETANICA SOUDAL 500 CC CON CANULA"},"content":{"rendered":"<p><strong>Espuma poliuretanica<\/strong><\/p>\n<p>Espuma PU de c\u00e1nula (sin HCFC ni CFC) es una espuma de poliuretano monocomponente lista para el uso que se expande a s\u00ed misma y a la que han a\u00f1adido gases propulsores que son completamente inofensivos para la capa de ozono. Posee una gran capacidad de relleno y una gran aislaci\u00f3n ac\u00fastica y t\u00e9rmica.<\/p>\n<p><strong>Caracter\u00edsticas<\/strong><\/p>\n<ul>\n<li>Alta estabilidad de forma (ning\u00fan encogimiento ni ninguna expansi\u00f3n posterior)<\/li>\n<li>Gran poder de relleno<\/li>\n<li>Excelente aplicaci\u00f3n en todos los materiales (excepto en PE ni en PP)<\/li>\n<li>Alto valor aislante, tanto t\u00e9rmico como ac\u00fastico.<\/li>\n<li>Excelentes caracter\u00edsticas de montaje<\/li>\n<\/ul>\n<p><strong>Usos<\/strong><\/p>\n<ul>\n<li>Montaje de ventanas y de puertas<\/li>\n<li>Sellado de huecos<\/li>\n<li>Sellado de todas las aberturas en construcciones de techo<\/li>\n<li>Aplicaci\u00f3n de una pantalla ac\u00fastica<\/li>\n<li>Aplicaci\u00f3n de una capa silenciadora<\/li>\n<li>Optimizaci\u00f3n de aislamiento en la refrigeraci\u00f3n<\/li>\n<\/ul>\n<p><a href=\"https:\/\/www.secocenter.com\/wp-content\/uploads\/2020\/02\/Ficha-tecnica-espuma.pdf\">Ficha t\u00e9cnica del producto<\/a><\/p>\n","protected":false},"excerpt":{"rendered":"<p><img fetchpriority=\"high\" decoding=\"async\" class=\"alignnone size-full wp-image-1865\" src=\"https:\/\/www.secocenter.com\/wp-content\/uploads\/2020\/08\/unnamed.png\" alt=\"\" width=\"1250\" height=\"209\" \/><\/p>\n","protected":false},"featured_media":6115,"comment_status":"closed","ping_status":"closed","template":"","meta":[],"product_cat":[24],"product_tag":[54],"class_list":{"0":"post-6094","1":"product","2":"type-product","3":"status-publish","4":"has-post-thumbnail","6":"product_cat-adhesivos_y_selladores","7":"product_tag-selladores-y-adhes","9":"first","10":"instock","11":"taxable","12":"shipping-taxable","13":"purchasable","14":"product-type-simple"},"jetpack_sharing_enabled":true,"_links":{"self":[{"href":"https:\/\/secocenter.com\/index.php?rest_route=\/wp\/v2\/product\/6094","targetHints":{"allow":["GET"]}}],"collection":[{"href":"https:\/\/secocenter.com\/index.php?rest_route=\/wp\/v2\/product"}],"about":[{"href":"https:\/\/secocenter.com\/index.php?rest_route=\/wp\/v2\/types\/product"}],"replies":[{"embeddable":true,"href":"https:\/\/secocenter.com\/index.php?rest_route=%2Fwp%2Fv2%2Fcomments&post=6094"}],"wp:featuredmedia":[{"embeddable":true,"href":"https:\/\/secocenter.com\/index.php?rest_route=\/wp\/v2\/media\/6115"}],"wp:attachment":[{"href":"https:\/\/secocenter.com\/index.php?rest_route=%2Fwp%2Fv2%2Fmedia&parent=6094"}],"wp:term":[{"taxonomy":"product_cat","embeddable":true,"href":"https:\/\/secocenter.com\/index.php?rest_route=%2Fwp%2Fv2%2Fproduct_cat&post=6094"},{"taxonomy":"product_tag","embeddable":true,"href":"https:\/\/secocenter.com\/index.php?rest_route=%2Fwp%2Fv2%2Fproduct_tag&post=6094"}],"curies":[{"name":"wp","href":"https:\/\/api.w.org\/{rel}","templated":true}]}}