{"id":6091,"date":"2024-07-25T15:33:23","date_gmt":"2024-07-25T15:33:23","guid":{"rendered":"https:\/\/secocenter.com\/?post_type=product&#038;p=6091"},"modified":"2024-07-25T15:33:54","modified_gmt":"2024-07-25T15:33:54","slug":"adhesivo-pu-construct-soudal-310-ml","status":"publish","type":"product","link":"https:\/\/secocenter.com\/?product=adhesivo-pu-construct-soudal-310-ml","title":{"rendered":"ADHESIVO PU CONSTRUCT SOUDAL 310 ML"},"content":{"rendered":"<p><strong>Adhesivo\u00a0<\/strong><\/p>\n<p>Adhesivo de construcci\u00f3n fabricado a base de PU, libre de solventes y con una resistencia extremadamente alta.<\/p>\n<p>Utilizado principalmente para encolados en el sector maderas, muebles o materiales aislantes.<\/p>\n<p>Los sustratos deben humedecerse y sujetarse para garantizar el mejor rendimiento. Sirve tanto para uso interior como para uso exterior.<\/p>\n<div class=\"field__label\"><strong>Caracter\u00edsticas<\/strong><\/div>\n<p><\/p>\n<div class=\"featured_props__content\">\n<div class=\"clearfix text-formatted field field--name-field-product-featured-props field--type-text-long field--label-hidden field__item\">\n<div class=\"item-list\">\n<ul>\n<li>Fuerte adherencia<\/li>\n<li>Caracter\u00edsticas de relleno para la uni\u00f3n de superficies irregulares<\/li>\n<li>Efecto de espuma para acelerar el curado logrado al humedecer ligeramente los sustratos<\/li>\n<li>Resistencia al agua (clasificada D4 seg\u00fan norma DIN EN 204.)<\/li>\n<li>Libre de solventes<\/li>\n<li>Para interiores y uso exterior<\/li>\n<li>Tiempo abierto: 5 minutos<\/li>\n<li>Tiempo de prensado: 15 minutos<\/li>\n<li>Secado ultra r\u00e1pido (10 minutos de prensado)<\/li>\n<\/ul>\n<div class=\"field__label\"><strong>Aplicaciones<\/strong><\/div>\n<p><\/p>\n<div class=\"field__item\">\n<div class=\"item-list\">\n<ul>\n<li>Adecuado para aplicaciones interiores expuestas a alta humedad relativa.<\/li>\n<li>Aplicaciones exteriores que est\u00e1n directamente expuestas a factores clim\u00e1ticos.<\/li>\n<li>Pegado de elementos de construcci\u00f3n de madera.<\/li>\n<li>Pegado de materiales aislantes (incluido el poliestireno).<\/li>\n<li>Tambi\u00e9n se puede utilizar en varios sustratos porosos y no porosos, como hormig\u00f3n, ladrillos y otros materiales comunes en la industria de la construcci\u00f3n.<\/li>\n<li>Uni\u00f3n general de carpinter\u00eda de materiales de madera.<\/li>\n<li>Fabricaci\u00f3n de marcos de puertas y ventanas que deban cumplir con la clase D4 seg\u00fan EN 204.<\/li>\n<\/ul>\n<p><a href=\"https:\/\/www.secocenter.com\/wp-content\/uploads\/2020\/02\/Ficha-tecnica-PUCONSTRUCT.pdf\">Ficha t\u00e9cnica del producto<\/a><\/p>\n<\/div>\n<\/div>\n<\/div>\n<\/div>\n<\/div>\n","protected":false},"excerpt":{"rendered":"<p><img fetchpriority=\"high\" decoding=\"async\" class=\"alignnone size-full wp-image-1865\" src=\"https:\/\/www.secocenter.com\/wp-content\/uploads\/2020\/08\/unnamed.png\" alt=\"\" width=\"1250\" height=\"209\" \/><\/p>\n","protected":false},"featured_media":6141,"comment_status":"closed","ping_status":"closed","template":"","meta":[],"product_cat":[24],"product_tag":[54],"class_list":{"0":"post-6091","1":"product","2":"type-product","3":"status-publish","4":"has-post-thumbnail","6":"product_cat-adhesivos_y_selladores","7":"product_tag-selladores-y-adhes","9":"first","10":"instock","11":"taxable","12":"shipping-taxable","13":"purchasable","14":"product-type-simple"},"jetpack_sharing_enabled":true,"_links":{"self":[{"href":"https:\/\/secocenter.com\/index.php?rest_route=\/wp\/v2\/product\/6091","targetHints":{"allow":["GET"]}}],"collection":[{"href":"https:\/\/secocenter.com\/index.php?rest_route=\/wp\/v2\/product"}],"about":[{"href":"https:\/\/secocenter.com\/index.php?rest_route=\/wp\/v2\/types\/product"}],"replies":[{"embeddable":true,"href":"https:\/\/secocenter.com\/index.php?rest_route=%2Fwp%2Fv2%2Fcomments&post=6091"}],"wp:featuredmedia":[{"embeddable":true,"href":"https:\/\/secocenter.com\/index.php?rest_route=\/wp\/v2\/media\/6141"}],"wp:attachment":[{"href":"https:\/\/secocenter.com\/index.php?rest_route=%2Fwp%2Fv2%2Fmedia&parent=6091"}],"wp:term":[{"taxonomy":"product_cat","embeddable":true,"href":"https:\/\/secocenter.com\/index.php?rest_route=%2Fwp%2Fv2%2Fproduct_cat&post=6091"},{"taxonomy":"product_tag","embeddable":true,"href":"https:\/\/secocenter.com\/index.php?rest_route=%2Fwp%2Fv2%2Fproduct_tag&post=6091"}],"curies":[{"name":"wp","href":"https:\/\/api.w.org\/{rel}","templated":true}]}}