{"id":2655,"date":"2024-06-13T22:16:56","date_gmt":"2024-06-13T22:16:56","guid":{"rendered":"https:\/\/ar.whiterabit.co\/?post_type=product&#038;p=2655"},"modified":"2024-06-13T22:16:56","modified_gmt":"2024-06-13T22:16:56","slug":"adhesivo-fix-all-turbo-soudal-290-ml-blanco","status":"publish","type":"product","link":"https:\/\/secocenter.com\/?product=adhesivo-fix-all-turbo-soudal-290-ml-blanco","title":{"rendered":"ADHESIVO FIX ALL TURBO SOUDAL 290 ML BLANCO"},"content":{"rendered":"<p><strong>Adhesivo<\/strong><\/p>\n<p>Soudal Fix All Turbo es un adhesivo sellador monocomponente de alta calidad basado en SMX\u00ae-Polymer con una acumulaci\u00f3n de resistencia muy r\u00e1pida.<\/p>\n<p><strong>Caracter\u00edsticas del producto:<\/strong><\/p>\n<ul>\n<li>Fuerza de uni\u00f3n final excepcional, lograda en 3 hora<\/li>\n<li>Basado en la tecnolog\u00eda de pol\u00edmeros SMX,<\/li>\n<li>R\u00e1pida acumulaci\u00f3n de resistencia despu\u00e9s de 20 minutos.<\/li>\n<li>\u00a0Para todo tipo de aplicaciones de uni\u00f3n, sobre todo tipo de superficies, incluso superficies no porosas mojadas o h\u00famedas<\/li>\n<li>Para aplicar en el exterior o interior<\/li>\n<\/ul>\n","protected":false},"excerpt":{"rendered":"<p>Adhesivo Soudal Fix All Turbo es un adhesivo sellador monocomponente de alta calidad basado en SMX\u00ae-Polymer con una acumulaci\u00f3n de resistencia muy r\u00e1pida. Caracter\u00edsticas del producto: Fuerza de uni\u00f3n final excepcional, lograda en 3 hora Basado en la tecnolog\u00eda de pol\u00edmeros SMX, R\u00e1pida acumulaci\u00f3n de resistencia despu\u00e9s de 20 minutos. \u00a0Para todo tipo de aplicaciones [&hellip;]<\/p>\n","protected":false},"featured_media":2654,"comment_status":"open","ping_status":"closed","template":"","meta":[],"product_cat":[24],"product_tag":[],"class_list":{"0":"post-2655","1":"product","2":"type-product","3":"status-publish","4":"has-post-thumbnail","6":"product_cat-adhesivos_y_selladores","8":"first","9":"instock","10":"taxable","11":"shipping-taxable","12":"purchasable","13":"product-type-simple"},"jetpack_sharing_enabled":true,"_links":{"self":[{"href":"https:\/\/secocenter.com\/index.php?rest_route=\/wp\/v2\/product\/2655","targetHints":{"allow":["GET"]}}],"collection":[{"href":"https:\/\/secocenter.com\/index.php?rest_route=\/wp\/v2\/product"}],"about":[{"href":"https:\/\/secocenter.com\/index.php?rest_route=\/wp\/v2\/types\/product"}],"replies":[{"embeddable":true,"href":"https:\/\/secocenter.com\/index.php?rest_route=%2Fwp%2Fv2%2Fcomments&post=2655"}],"wp:featuredmedia":[{"embeddable":true,"href":"https:\/\/secocenter.com\/index.php?rest_route=\/wp\/v2\/media\/2654"}],"wp:attachment":[{"href":"https:\/\/secocenter.com\/index.php?rest_route=%2Fwp%2Fv2%2Fmedia&parent=2655"}],"wp:term":[{"taxonomy":"product_cat","embeddable":true,"href":"https:\/\/secocenter.com\/index.php?rest_route=%2Fwp%2Fv2%2Fproduct_cat&post=2655"},{"taxonomy":"product_tag","embeddable":true,"href":"https:\/\/secocenter.com\/index.php?rest_route=%2Fwp%2Fv2%2Fproduct_tag&post=2655"}],"curies":[{"name":"wp","href":"https:\/\/api.w.org\/{rel}","templated":true}]}}